the prime factors of a.
2, 3, 5, 13
Suppose -5*k - 10 = 2*t - 1070, -k - 2164 = -4*t. Let o = -266 + t. What are the prime factors of o?
2, 137
Let f(x) = -2*x**3 + 5*x**2 - 12. Let k be f(-4). Let y = -55 + k. What are the prime factors of y?
3, 47
Let b = 55 + 41. Let u = 137 - b. Let i = 82 - u. What are the prime factors of i?
41
Let c(b) = 8*b**2 + 15*b + 322. List the prime factors of c(-15).
7, 271
Suppose -1527 = 33*s - 36*s. List the prime factors of s.
509
What are the prime factors of (-10)/2 + (-9)/(63/(-3934))?
557
List the prime factors of -3 - (-283 + 3 + 4).
3, 7, 13
Let p = -1759 - -2637. What are the prime factors of p?
2, 439
Let h = 23 - 23. Let y = 7 + -3. Suppose 0 = y*j - 8 - h. What are the prime factors of j?
2
Let u = -7 + 11. Suppose 0 = -u*d - d + 755. Suppose -3*j - 270 = -5*t, 3*t - 4*j - d = -0*t. List the prime factors of t.
3, 19
Suppose -4*z + 38 = -3*q, -q - z + 1 = 2. Let f = -4 - q. List the prime factors of f.
2
Let h(x) = -114*x + 11. Suppose 3*t - 3*y + 9 = 0, 5*t + 0*y + 11 = y. List the prime factors of h(t).
239
Let o(s) = 10*s - 5. Let r(x) = 21*x - 11. Let a(p) = -5*o(p) + 2*r(p). Let h(g) = g**3 - g**2 - 42*g - 8. Let d be h(-6). List the prime factors of a(d).
67
Let g(y) = 2*y**3 - 11*y**2 - 7*y + 9. Let c be g(6). Suppose -625 = -8*u + c*u - 4*a, -a = 5. What are the prime factors of u?
3, 43
Let v(x) = x - 24. Let m be v(-16). Let f = -27 - m. List the prime factors of f.
13
Let n be (29 + 3)*(-3)/2. Let r be 37/2*n/(-4). Suppose -5*s - r = -5*j + 123, 317 = 5*j + 2*s. What are the prime factors of j?
5, 13
Let u = 2885 + -1590. List the prime factors of u.
5, 7, 37
Let b(w) = 3*w + 3. Let a be b(-3). Let n be ((-48)/(-20))/(5/(-25)). What are the prime factors of (n/a)/(4/26)?
13
Let f be 280*(0 + 4/10). Suppose -3*q + 7*q = f. What are the prime factors of q?
2, 7
Let a be (-66)/(-54) - 4/18. Suppose -a = -o + 23. List the prime factors of o.
2, 3
List the prime factors of 1087/5 - ((-144)/(-20))/(-12).
2, 109
Let b = -6 - -8. Suppose -10 = -2*f, 0 = -3*i + b*f - 4*f + 25. Suppose i*m + 0*m = 10. List the prime factors of m.
2
Suppose -4*s + h = -313 - 434, -4*h = -5*s + 942. List the prime factors of s.
2, 3, 31
Let h(l) = l**2 + 2*l - 2. Let c be h(2). Let u be (4 - 11)*c/(-14). Suppose 0 = 4*d - u - 5, 28 = x + 5*d. List the prime factors of x.
2, 3
Let a(g) = g**3 - 11*g**2 + 3*g + 12. Let j(d) = -d**2 + 8*d - 1. Let o be j(6). List the prime factors of a(o).
3, 5
Suppose -9*l + 185 = -4*l. Let u = 63 - l. List the prime factors of u.
2, 13
Let p(y) be the second derivative of -y**5/20 + 2*y**4/3 - y**3 + 4*y**2 - 9*y. Let c be p(8). Let s = c + 77. List the prime factors of s.
37
Let v be 20*14 + (1 - -2). Let f = -185 + v. What are the prime factors of f?
2, 7
Let u = 163 - 17. What are the prime factors of u?
2, 73
Let m be (-98)/(-7)*2/4. Suppose -m*c = -c - 222. List the prime factors of c.
37
Suppose -5*p - 5*x = -294 - 1301, 325 = p + 3*x. List the prime factors of p.
2, 79
Let f = 17 + -15. Suppose 4*x - 498 = -f*x. What are the prime factors of x?
83
Let j(y) = 4*y**2 + 9*y - 1. Let f = -3 - -7. What are the prime factors of j(f)?
3, 11
Let u be 4/6 - (0 + 10/15). Suppose u = -q + 99 - 11. List the prime factors of q.
2, 11
Suppose 0 = 4*t + 8, -2*p - 4*t + 0*t - 32 = 0. List the prime factors of (-3)/(1*p/100).
5
Let p(d) = d + 13. Let x be p(-9). Let c(l) = 3*l - 1 + 9*l - x*l. List the prime factors of c(4).
31
Suppose 4*y = 3*l + 1559, -5*l + 0*y - 5*y - 2645 = 0. What are the prime factors of 1/(-3) + l/(-9)?
2, 29
Let z = -32 + -90. Let a = 231 + z. List the prime factors of a.
109
Suppose 0 = h + 2*j - 3*j - 15, -h + 7 = -5*j. Let f(o) = -5 + o + 5 - 5*o**2 + h*o**2 + 1. What are the prime factors of f(-1)?
2, 3
Let d(a) be the third derivative of -a**6/120 + 7*a**5/30 - 31*a**4/24 + 11*a**3/3 - a**2 - 4. List the prime factors of d(9).
2, 37
Suppose -2*v + 7 = 3*s, -2*s - 2 + 10 = 3*v. Let b be 7 - 2 - v - 2. List the prime factors of 21/14*(b + 3).
2, 3
Let r(q) = -7*q**3 - 14*q**2 + 11*q + 15. Suppose -3*s - 4 = s. Let p(f) = f**3 + f**2 - 1. Let z(d) = s*r(d) - 6*p(d). List the prime factors of z(-9).
3
Let p = 107 + 445. List the prime factors of p.
2, 3, 23
Let r = 11 + -10. What are the prime factors of (r/(-3) - 84/(-36)) + 24?
2, 13
Suppose 0 = 22*b - 1833 - 4943. What are the prime factors of b?
2, 7, 11
Let v be 0 + (21 - (-3)/(-3)). Let w = v - -2. What are the prime factors of w?
2, 11
Let v(t) be the first derivative of 3*t**2 + 3*t + 5. What are the prime factors of v(9)?
3, 19
Suppose 3*i - u - 118 = 96, 4*i - 5*u - 267 = 0. What are the prime factors of i?
73
Let d(m) = -m**3 + m**2 - 5*m + 4. Let a be d(3). Let i = a + 37. What are the prime factors of i?
2
Let v(c) = c**2 + 2*c + 4. Let d be v(-4). Let g(h) = -h**3 + 13*h**2 - 6*h - 4. Let k be g(d). Suppose -11*u + 13*u = k. List the prime factors of u.
2, 17
Suppose 540*l - 536*l - 1196 = 0. List the prime factors of l.
13, 23
Suppose -z + 14 = -2*z - 4*l, 0 = 2*z + 4*l + 8. What are the prime factors of (-465)/(-6)*z/5?
3, 31
Let t = -50 + 15. What are the prime factors of (-7)/(t/(-40))*-9?
2, 3
Let v = -5 - -13. What are the prime factors of (71 - v)*(2 - (-12)/(-9))?
2, 3, 7
Let v = -62 - -182. Let j = -230 - -149. Let t = j + v. What are the prime factors of t?
3, 13
Suppose -2261 = -3*q + 4*i + 798, 0 = 5*q - 2*i - 5089. What are the prime factors of q?
3, 113
Let v(j) = 2*j**2 + 5*j - 8. Let i be v(-5). Suppose 0 = 6*y - i*y + 671. What are the prime factors of y?
61
Let a(h) = 24*h**2 - 11*h + 12. List the prime factors of a(3).
3, 5, 13
Suppose -3*p + 28 = -3*s + p, 0 = s - 3*p + 16. List the prime factors of 22 - (2 + (-8 - s)).
2, 3
Let j(q) = 22*q**2 - 27*q - 57. What are the prime factors of j(-5)?
2, 157
Let t = -20 + 41. Let l = 75 - t. Suppose p - l = -p. List the prime factors of p.
3
Suppose -32 = -4*z - 4*t - t, 5*t = 0. List the prime factors of (-969)/(-12) - z/(-32).
3
What are the prime factors of (2 + 1612/(-10))/(44/(-330))?
2, 3, 199
Suppose -32*a + 31*a - 5*y = -3566, -9*y + 36 = 0. List the prime factors of a.
2, 3, 197
Let y(l) = l - 14. Let b be y(10). Let s(z) = -3*z. Let q be s(-6). List the prime factors of 33/q*b*-3.
2, 11
Let p(n) = -n + 1. Let d be p(-3). Let o be ((-6)/(-4))/((-2)/d). What are the prime factors of (o/1)/(6/(-38))?
19
Suppose 60 = -16*j + 20*j. Let w = j + 75. List the prime factors of w.
2, 3, 5
Suppose 0 = -n + 11 - 4. Let p = 11 - n. Suppose -p*b + 22 = 2. What are the prime factors of b?
5
Let x(w) = 87*w**2 + 95*w - 21. What are the prime factors of x(5)?
11, 239
List the prime factors of -1*(1 - 0) + 203 + 109.
311
Let t(m) = -m**3 - 3*m**2 - 5*m - 3. Let g be t(-5). Suppose y = 2*y - g. What are the prime factors of y?
2, 3
Let c = -35 + 46. Suppose c*f + 96 = 12*f. What are the prime factors of f?
2, 3
List the prime factors of 212/(-10)*((-240)/8 - -5).
2, 5, 53
Let l be (1 + (-12)/9)*4*-12. Let j = l + -9. List the prime factors of j.
7
Suppose -47*s + 48*s = 1554. What are the prime factors of s?
2, 3, 7, 37
Suppose -8*d = -3*d + 5*s - 3520, 4*d = 3*s + 2795. What are the prime factors of d?
701
What are the prime factors of (-15954)/(-12) + -2 - (-6)/(-4)?
2, 3, 13, 17
Suppose -18 - 4 = -2*z. Suppose 3*b + 14 - z = 0. List the prime factors of (-22 + -116)/(-1 + b).
3, 23
Let t(y) = y**2 - 5*y + 8. Let u be t(3). What are the prime factors of ((-1 + 2)*-2)/(u/(-124))?
2, 31
Let a(k) = -31*k + 65. What are the prime factors of a(-17)?
2, 37
Let l(q) = -15*q**3 - 30*q**2 - 8*q + 17. List the prime factors of l(-6).
5, 89
Suppose -190 = 4*r + 5*v - 17, 4*r - 5*v + 123 = 0. List the prime factors of 1 + 0 - 4 - r.
2, 17
Let f = -18 - -16. Suppose -5*g + 4 + 146 = 0. Let x = g + f. What are the prime factors of x?
2, 7
Suppose 0 = 2*t + 2*t - 5*v + 155, 82 = -2*t + 4*v. Let w be 627/5 + (-21)/t. Suppose w = 3*x + 2*m, 5*x - 3*m = -6*m + 209. What are the prime factors of x?
2, 5
What are the prime factors of 72380/32 - -5*10/400?
2, 3, 13, 29
Suppose 2*g = -86 + 566. Suppose g = 5*c - 85. What are the prime factors of c?
5, 13
Let i(v) = -v**3 - 7*v**2 + 10*v + 7. Let x = -1 + -8. What are the prime factors of i(x)?
79
Let l(u) = 412*u + 